at is -9 (base 10) in base 3?
-100
Convert 3 (base 4) to base 8.
3
-2212 (base 3) to base 10
-77
Convert -5 (base 14) to base 3.
-12
-3 (base 13) to base 7
-3
What is -2 (base 12) in base 8?
-2
Convert 9 (base 11) to base 10.
9
17 (base 10) to base 3
122
-32 (base 9) to base 5
-104
Convert 5 (base 9) to base 2.
101
-1000010 (base 2) to base 6
-150
Convert -5 (base 6) to base 13.
-5
What is -2d (base 15) in base 14?
-31
What is 1212 (base 3) in base 2?
110010
-86 (base 13) to base 2
-1101110
Convert 26 (base 7) to base 5.
40
-5 (base 12) to base 15
-5
What is -8a (base 16) in base 12?
-b6
What is 2 (base 9) in base 12?
2
What is 45 (base 15) in base 4?
1001
What is -2 (base 16) in base 10?
-2
-47 (base 8) to base 9
-43
-32 (base 15) to base 2
-101111
Convert 1b (base 15) to base 3.
222
What is -2 (base 9) in base 2?
-10
Convert -5 (base 12) to base 11.
-5
What is -103 (base 5) in base 16?
-1c
What is -13 (base 5) in base 6?
-12
16 (base 7) to base 13
10
Convert -a (base 14) to base 6.
-14
Convert 8 (base 11) to base 5.
13
What is -4 (base 7) in base 12?
-4
-9 (base 12) to base 9
-10
What is 1 (base 8) in base 15?
1
Convert 215 (base 7) to base 9.
132
103 (base 5) to base 16
1c
What is -1000101 (base 2) in base 16?
-45
Convert -130 (base 4) to base 6.
-44
Convert 18d (base 16) to base 15.
1b7
-10 (base 14) to base 13
-11
Convert 101222 (base 3) to base 10.
296
Convert 433 (base 8) to base 3.
101111
3 (base 11) to base 16
3
Convert 11 (base 4) to base 8.
5
Convert -26 (base 8) to base 15.
-17
Convert -5 (base 8) to base 10.
-5
Convert 0 (base 12) to base 2.
0
What is 2 (base 15) in base 13?
2
What is 16 (base 7) in base 2?
1101
Convert -130 (base 5) to base 3.
-1111
-1131 (base 4) to base 3
-10110
47 (base 8) to base 2
100111
What is 65 (base 9) in base 12?
4b
What is -3 (base 10) in base 9?
-3
What is 420 (base 7) in base 9?
253
53 (base 9) to base 3
1210
What is 6 (base 9) in base 5?
11
Convert -25 (base 9) to base 4.
-113
What is 14 (base 16) in base 6?
32
-2a (base 15) to base 5
-130
Convert 57 (base 14) to base 10.
77
-40 (base 9) to base 15
-26
What is 11011 (base 2) in base 15?
1c
What is 3 (base 9) in base 15?
3
Convert -10 (base 5) to base 15.
-5
Convert -3 (base 7) to base 14.
-3
-88 (base 11) to base 2
-1100000
-433 (base 6) to base 14
-bb
What is -123 (base 7) in base 2?
-1000010
Convert 1 (base 14) to base 2.
1
Convert -4 (base 15) to base 7.
-4
What is 40 (base 14) in base 6?
132
What is -4 (base 7) in base 10?
-4
Convert -97 (base 14) to base 3.
-11221
What is 112 (base 3) in base 2?
1110
Convert 37 (base 10) to base 11.
34
21 (base 3) to base 16
7
What is -5 (base 7) in base 8?
-5
54 (base 16) to base 11
77
Convert -6 (base 11) to base 13.
-6
39 (base 10) to base 13
30
-4 (base 13) to base 7
-4
-41 (base 15) to base 2
-111101
79 (base 16) to base 8
171
Convert 11 (base 2) to base 13.
3
110 (base 4) to base 8
24
What is 1111 (base 2) in base 11?
14
0 (base 12) to base 14
0
8 (base 16) to base 10
8
What is -3 (base 11) in base 13?
-3
What is 6 (base 12) in base 4?
12
Convert -23 (base 13) to base 15.
-1e
41 (base 5) to base 7
30
What is -44 (base 15) in base 3?
-2101
What is 58 (base 10) in base 14?
42
-2 (base 9) to base 14
-2
-17 (base 16) to base 15
-18
What is 16 (base 13) in base 7?
25
-2 (base 3) to base 6
-2
Convert 20 (base 14) to base 16.
1c
What is d (base 14) in base 11?
12
Convert 1 (base 5) to base 13.
1
What is 66 (base 10) in base 15?
46
What is -164 (base 13) in base 12?
-18b
Convert -43 (base 6) to base 4.
-123
Convert -24 (base 8) to base 13.
-17
What is -2 (base 8) in base 14?
-2
What is 2b (base 12) in base 5?
120
What is -200 (base 3) in base 7?
-24
Convert 101 (base 4) to base 7.
23
Convert -a (base 15) to base 4.
-22
Convert -110 (base 4) to base 13.
-17
Convert -102 (base 4) to base 8.
-22
Convert 16 (base 16) to base 3.
211
-4 (base 5) to base 2
-100
What is -10 (base 2) in base 5?
-2
e6 (base 16) to base 6
1022
Convert 212 (base 5) to base 3.
2010
-2 (base 12) to base 11
-2
Convert 3 (base 16) to base 6.
3
What is -477 (base 8) in base 9?
-384
1110 (base 4) to base 12
70
What is -114 (base 11) in base 12?
-b4
What is 2 (base 8) in base 6?
2
0 (base 4) to base 15
0
What is 0 (base 3) in base 4?
0
Convert -5e (base 15) to base 12.
-75
What is 21 (base 6) in base 16?
d
Convert -4 (base 14) to base 8.
-4
-14 (base 5) to base 15
-9
-16 (base 8) to base 15
-e
Convert 4 (base 9) to base 11.
4
What is 1001000 (base 2) in base 12?
60
What is -3 (base 12) in base 6?
-3
7 (base 16) to base 13
7
What is 33 (base 12) in base 9?
43
-50 (base 12) to base 4
-330
-11 (base 12) to base 10
-13
Convert -1 (base 3) to base 8.
-1
Convert 3 (base 9) to base 7.
3
-2 (base 12) to base 3
-2
-102 (base 6) to base 11
-35
3 (base 4) to base 6
3
What is 2 (base 3) in base 10?
2
Convert -138 (base 16) to base 15.
-15c
Convert -5 (base 16) to base 11.
-5
Convert -109 (base 14) to base 12.
-151
What is 46 (base 13) in base 4?
322
Convert 26 (base 8) to base 7.
31
-21 (base 5) to base 4
-23
Convert -4 (base 13) to base 11.
-4
-24 (base 14) to base 15
-22
Convert 1 (base 7) to base 8.
1
Convert 121 (base 5) to base 4.
210
0 (base 13) to base 11
0
Convert 11 (base 15) to base 9.
17
What is -101 (base 4) in base 16?
-11
What is -5 (base 7) in base 12?
-5
Convert -2 (base 10) to base 12.
-2
What is 17 (base 8) in base 13?
12
Convert -8 (base 15) to base 16.
-8
330 (base 8) to base 4
3120
Convert 19 (base 15) to base 2.
11000
-22 (base 11) to base 5
-44
34 (base 13) to base 10
43
What is -30 (base 8) in base 10?
-24
Convert -1100010 (base 2) to base 9.
-118
What is -4 (base 9) in base 6?
-4
-31 (base 12) to base 15
-27
-22 (base 10) to base 7
-31
What is 44 (base 12) in base 10?
52
100 (base 2) to base 5
4
What is 1 (base 8) in base 4?
1
2 (base 16) to base 14
2
2 (base 12) to base 2
10
What is 133 (base 4) in base 16?
1f
2 (base 5) to base 4
2
19 (base 11) to base 6
32
Convert -232 (base 10) to base 12.
-174
3d (base 16) to base 14
45
-3 (base 9) to base 10
-3
Convert -266 (base 7) to base 9.
-172
What is -2 (base 5) in base 7?
-2
Convert -b (base 13) to base 14.
-b
What is 208 (base 9) in base 11?
145
What is 2021 (base 3) in base 14?
45
What is -2 (base 7) in base 8?
-2
Convert -135 (base 15) to base 9.
-335
Convert 33 (base 5) to base 16.
12
What is -11 (base 11) in base 7?
-15
Convert -12 (base 4) to base 13.
-6
Convert -2 (base 16) to base 6.
-2
Convert 35 (base 9) to base 10.
32
What is -2 (base 10) in base 7?
-2
26 (base 14) to base 12
2a
213 (base 8) to base 16
8b
What is -83 (base 10) in base 3?
-10002
What is 0 (base 10) in base 12?
0
-1 (base 8) to base 5
-1
-d (base 15) to base 4
-31
What is -17 (base 12) in base 13?
-16
3 (base 5) to base 13
3
52 (base 9) to base 16
2f
2 (base 7) to base 6
2
-102 (base 4) to base 7
-24
What is 120011 (base 3) in base 12?
2a1
-3 (base 12) to base 2
-11
What is -3 (base 13) in base 12?
-3
What is -21 (base 9) in base 11?
-18
What is -1b (base 12) in base 2?
-10111
What is -24 (base 5) in base 4?
-32
What is 3 (base 6) in base 7?
3
Convert -65 (base 11) to base 12.
-5b
-10 (base 12) to base 11
-11
Convert -15 (base 6) to base 8.
-13
What is 18 (base 10) in base 6?
30
What is 3 (base 13) in base 12?
3
125 (base 9) to base 3
10212
What is -53 (base 9) in base 13?
-39
Convert -8b (base 12) to base 10.
-107
Convert 10 (base 12) to base 9.
13
Convert -13 (base 7) to base 2.
-1010
What is -222 (base 5) in base 13?
-4a
Convert 20 (base 15) to base 10.
30
What is 52 (base 16) in base 13?
64
What is 3 (base 14) in base 8?
3
What is -3 (base 15) in base 12?
-3
What is -5 (base 13) in base 16?
-5
What is 47 (base 11) in base 2?
110011
Convert -2201 (base 3) to base 13.
-58
What is -47 (base 8) in base 10?
-39
What is 102 (base 5) in base 12?
23
51 (base 9) to base 3
1201
What is 9 (base 11) in base 4?
21
What is -100 (base 3) in base 6?
-13
What is 10111011 (base 2) in base 14?
d5
What is 1 (base 4) in base 10?
1
Convert 3 (base 6) to base 2.
11
Convert -1 (base 13) to base 2.
-1
Convert -3 (base 13) to base 16.
-3
Convert 1 (base 10) to base 5.
1
4 (base 14) to base 9
4
What is -113 (base 4) in base 14?
-19
What is 32 (base 9) in base 6?
45
12 (base 12) to base 16
e
Convert -202 (base 3) to base 12.
-18
Wh